 common divisor of 528 and 5396424?
264
What is the greatest common factor of 49257 and 819?
117
Calculate the highest common factor of 506 and 40678.
22
Calculate the highest common divisor of 48 and 118912.
16
What is the highest common factor of 132 and 539022?
66
Calculate the highest common factor of 560 and 1232.
112
What is the greatest common factor of 204 and 285528?
12
What is the highest common divisor of 4346 and 5618?
106
Calculate the highest common factor of 3172 and 2652.
52
What is the greatest common divisor of 189 and 402465?
21
What is the greatest common factor of 14326 and 76?
38
Calculate the highest common divisor of 27438 and 1122.
102
Calculate the greatest common divisor of 334854 and 53.
53
What is the highest common divisor of 732 and 182976?
12
What is the greatest common divisor of 3980 and 180?
20
What is the greatest common factor of 12120 and 270?
30
What is the greatest common factor of 1052024 and 23112?
856
What is the greatest common divisor of 16 and 335152?
16
What is the greatest common factor of 7776 and 1712?
16
What is the greatest common divisor of 356 and 12371?
89
Calculate the highest common factor of 7644 and 16289.
91
Calculate the highest common factor of 415 and 395.
5
Calculate the highest common factor of 1751611 and 23.
23
Calculate the highest common divisor of 780 and 51220.
260
Calculate the highest common divisor of 30 and 109.
1
Calculate the highest common factor of 63 and 510048.
63
What is the highest common divisor of 6512 and 2376?
88
What is the greatest common factor of 29521 and 106?
53
Calculate the highest common divisor of 315 and 233085.
15
What is the highest common factor of 42 and 102942?
42
Calculate the greatest common factor of 30721 and 496.
31
Calculate the highest common factor of 8568 and 4879.
119
Calculate the greatest common factor of 760 and 34920.
40
Calculate the greatest common factor of 2324 and 264604.
332
Calculate the highest common factor of 61 and 12755.
1
Calculate the greatest common factor of 299495 and 24080.
1505
Calculate the greatest common divisor of 2140 and 340.
20
What is the highest common factor of 2268 and 952?
28
What is the highest common factor of 480 and 18600?
120
What is the highest common factor of 552 and 246?
6
Calculate the highest common factor of 13826 and 56642.
446
Calculate the highest common divisor of 1908 and 6148.
212
Calculate the greatest common factor of 1115078 and 824.
206
Calculate the highest common factor of 3007 and 58297.
97
What is the greatest common factor of 7398 and 258?
6
Calculate the highest common factor of 12 and 699564.
12
Calculate the highest common factor of 1339 and 103.
103
Calculate the greatest common factor of 1032 and 13632.
24
What is the highest common divisor of 3296 and 128?
32
What is the highest common divisor of 151522 and 56?
14
What is the greatest common factor of 222131 and 182?
91
Calculate the greatest common factor of 109787 and 7171.
101
Calculate the greatest common divisor of 416 and 278356.
52
Calculate the highest common factor of 2 and 210108.
2
What is the highest common factor of 369 and 22653?
9
Calculate the greatest common factor of 2555 and 866510.
365
Calculate the greatest common divisor of 1036 and 272209.
259
What is the greatest common factor of 177 and 3507?
3
What is the greatest common divisor of 44065 and 5845?
35
Calculate the greatest common divisor of 657739 and 1.
1
Calculate the highest common divisor of 150 and 8910.
30
Calculate the highest common factor of 167 and 1486.
1
Calculate the greatest common divisor of 16928 and 69.
23
What is the highest common factor of 22 and 1097250?
22
Calculate the highest common divisor of 744 and 25488.
24
What is the greatest common factor of 10564 and 2888?
76
Calculate the greatest common factor of 160378 and 106.
106
Calculate the highest common factor of 220 and 1639000.
220
What is the highest common factor of 1536 and 40896?
192
Calculate the highest common divisor of 117030 and 188.
94
What is the highest common divisor of 449701 and 238?
119
What is the highest common factor of 23430 and 1782?
66
Calculate the greatest common factor of 12 and 2187660.
12
Calculate the greatest common factor of 13050 and 147030.
870
What is the greatest common factor of 5755860 and 990?
990
What is the highest common divisor of 2956 and 108?
4
Calculate the highest common divisor of 460 and 56396.
92
Calculate the highest common factor of 69841 and 12578.
331
Calculate the highest common divisor of 609 and 97237.
203
Calculate the highest common factor of 1073 and 522.
29
What is the highest common divisor of 9 and 99531?
9
Calculate the greatest common divisor of 288 and 18272.
32
What is the highest common divisor of 12044 and 4?
4
Calculate the greatest common divisor of 190 and 7370.
10
What is the highest common factor of 258 and 2916?
6
What is the greatest common factor of 165420 and 5?
5
What is the highest common divisor of 3080 and 350?
70
What is the highest common divisor of 3007260 and 1620?
540
Calculate the greatest common divisor of 593266 and 34.
34
Calculate the highest common factor of 38496 and 96.
96
What is the greatest common factor of 188790 and 43834?
434
What is the greatest common factor of 93 and 1008771?
93
Calculate the greatest common factor of 201144 and 13294.
578
What is the highest common factor of 21592 and 56?
8
What is the greatest common factor of 867 and 77452?
289
Calculate the greatest common factor of 3 and 71391.
3
What is the highest common factor of 2356 and 234546?
62
What is the highest common factor of 172484 and 156?
52
What is the highest common factor of 160 and 63200?
160
Calculate the greatest common factor of 754 and 29000.
58
Calculate the highest common divisor of 2006 and 272816.
2006
What is the greatest common factor of 45514 and 14?
14
Calculate the highest common factor of 2 and 11702.
2
What is the highest common factor of 59654 and 28?
14
Calculate the highest common divisor of 19 and 1464767.
19
Calculate the greatest common factor of 1016 and 104.
8
Calculate the greatest common divisor of 162806 and 754.
58
Calculate the highest common divisor of 2127 and 57.
3
Calculate the highest common factor of 465 and 9703.
31
What is the highest common factor of 1320935 and 1460?
365
Calculate the greatest common factor of 628835 and 155.
155
What is the greatest common factor of 129680 and 320?
80
What is the highest common factor of 276 and 43923?
3
Calculate the highest common divisor of 20 and 609920.
20
Calculate the greatest common factor of 2469 and 12.
3
Calculate the greatest common divisor of 968 and 81433.
121
What is the greatest common divisor of 2 and 5851?
1
What is the highest common divisor of 1505 and 5005?
35
Calculate the greatest common divisor of 1177 and 315757.
107
Calculate the greatest common divisor of 1617 and 15092.
539
Calculate the highest common factor of 3978 and 50354.
34
Calculate the greatest common divisor of 363 and 48037.
121
What is the highest common divisor of 26 and 83746?
26
Calculate the greatest common factor of 136 and 2248.
8
Calculate the greatest common divisor of 1040 and 257296.
208
Calculate the highest common factor of 294585 and 3075.
615
What is the greatest common divisor of 37 and 22163?
37
What is the highest common divisor of 54 and 1433700?
54
What is the greatest common divisor of 15288 and 21952?
392
Calculate the greatest common factor of 2079 and 36288.
189
Calculate the highest common factor of 7 and 15216691.
7
What is the highest common divisor of 22 and 1749363?
11
What is the greatest common divisor of 70 and 125174?
14
What is the highest common divisor of 475 and 8825?
25
Calculate the highest common factor of 48 and 79710.
6
Calculate the greatest common divisor of 15640 and 9560.
40
Calculate the highest common divisor of 19886 and 1220.
122
Calculate the highest common divisor of 11829 and 3.
3
Calculate the highest common divisor of 1170 and 9906.
78
Calculate the greatest common divisor of 2095 and 485.
5
What is the highest common divisor of 3034537 and 11?
11
Calculate the greatest common divisor of 397170 and 10.
10
What is the greatest common factor of 264 and 3135?
33
Calculate t